is the highest common factor of 14 and n?
14
Let y = 2 - -23. Let w be -1*(5 + 0)/(-5) - 24. Let n = w + y. Calculate the highest common divisor of n and 8.
2
Let o(q) = 6*q**2 - 56*q - 51. Let y(i) = -i**2 + 11*i + 10. Let u(b) = -2*o(b) - 11*y(b). Let j be u(-6). Calculate the highest common factor of j and 10.
10
Let m(u) = -8*u + 73. Let p be m(7). Calculate the greatest common divisor of 153 and p.
17
Let z be 2/(3 + -2)*4. Let n be z - (-2 + 0) - 0. Suppose -60*s = -1635 + 435. Calculate the greatest common factor of n and s.
10
Let t = -35 + 42. Suppose -u = -1 - t. What is the highest common divisor of u and 16?
8
Let n be (-3 - 27/21)/(1/(-49)). Let m be ((-10)/15)/((-7)/n). What is the greatest common factor of 15 and m?
5
Suppose -14*w - 194 = -698. Calculate the greatest common factor of w and 48.
12
Let s be ((-2)/3)/(2/(-6)). Let f be (-2*3)/(((-24)/52)/6). Let r be 1080/f + (-4)/(-26). Calculate the highest common factor of s and r.
2
Suppose -7*n + 570 = -1824. Calculate the highest common factor of 18 and n.
18
Suppose 0 = j - 4*v - 59, -18*v = 4*j - 17*v - 236. What is the greatest common factor of 236 and j?
59
Let i = -173 - -39. Let z = i - -188. Suppose 0*d = d - z. What is the greatest common divisor of 6 and d?
6
Suppose 0 = -5*j + 4*t - 3 + 4, 0 = j - 4*t + 3. Let k(r) = r**3 + r**2 + r + 4. Let a be k(0). What is the highest common divisor of a and j?
1
Suppose -10*t + 4881 = -2159. What is the highest common factor of t and 44?
44
Suppose -45632 = -25*f - 39*f. Calculate the greatest common factor of f and 31.
31
Let s = 16 + 68. Calculate the highest common factor of s and 36.
12
Suppose -6*v = -0*v - 30. Suppose v*j + 165 = 450. What is the greatest common divisor of 57 and j?
57
Let d(s) = 9*s + 2. Let q be d(4). Let v = -20 + q. Suppose 0 = -k + 4*k - 216. What is the highest common factor of k and v?
18
Suppose 101 - 461 = -8*m. Let f be 4/(-18) - (-775)/m. Calculate the greatest common factor of f and 68.
17
Suppose -5*h + 0*z = -2*z + 456, -h - 2*z = 96. Let k = h - -130. Calculate the highest common factor of 95 and k.
19
Let f = 43 + -38. Suppose -f*i + p + 133 = 5*p, 5*p = 10. What is the highest common factor of i and 200?
25
Let l be (-18 + 3)/(15/(-200)). What is the greatest common divisor of 100 and l?
100
Suppose -5*d = 35 - 5. Let m(w) be the first derivative of w**2/2 + 13*w + 2. Let y be m(d). Calculate the greatest common divisor of 14 and y.
7
Let t(u) be the first derivative of 3*u**3 - 2*u**2 - 3*u + 7. Let m be t(3). Calculate the highest common divisor of m and 33.
33
Let p = 88 + 88. Let h = 29 + -25. Suppose h*y - 12 - 52 = 0. What is the highest common factor of p and y?
16
Let x be (-1)/9 + 4758/54. Suppose 0 = -4*z + 4 + 40. Calculate the highest common factor of z and x.
11
Suppose 4*n - 38 = -3*i, -i + 5*n - 13 = i. Let t = -240 - -255. Calculate the greatest common divisor of t and i.
3
Suppose 48 = -0*h + 3*h. Let d be 14 + 0/2 - (-4)/4. Let u be (7/3 + -2)/(d/720). Calculate the greatest common factor of h and u.
16
Suppose -3*t = t + 168. Let s = t + 24. Let v be ((-8)/(-3))/(s/(-243)). Calculate the greatest common divisor of v and 54.
18
Let s(t) = t**3 - 8*t**2 + 13. Let b be s(7). Suppose 4*c - 5*v = 213, -3*v = -5*c - 7*v + 256. Let q = c + b. Calculate the highest common divisor of 4 and q.
4
Let y(z) = -z**2 - 12*z - 3. Let m be y(-11). Suppose -2*f + m*f - 144 = 0. Suppose -2*b + 32 = 2*b. What is the highest common divisor of b and f?
8
Let l be 9 + -17 - 49*-6. Calculate the greatest common factor of l and 52.
26
Suppose 2*h - 4*a = -26, -5*h = -4*a + 44 + 3. Let l = h - -9. Suppose 5*v - l*v - 6 = 0. Calculate the highest common divisor of 18 and v.
2
Let p(z) = 31*z**2 - 2*z - 1. Let q be p(2). Let c = -64 + q. Suppose -2*r + 59 - 15 = 0. Calculate the highest common factor of r and c.
11
Let u(n) = 2*n**3 - 27*n**2 + 22*n + 3. Let h be u(13). Let g = 168 - h. Calculate the greatest common factor of 12 and g.
12
Let g(q) = -q**3 + q**2 - q. Let j(w) = 3*w**3 - 8*w**2 - 6*w - 4. Let u(p) = -2*g(p) - j(p). Let n be u(7). What is the greatest common divisor of 99 and n?
11
Let f(h) = -136*h + 2. Let n be f(-1). Let j = n - 135. Suppose -k - 7 = -28. What is the greatest common factor of k and j?
3
Let m(f) = f**2 + 4*f + 3. Let t be m(-3). Suppose -i - 3*i + 52 = t. Let y = 41 - -24. What is the greatest common divisor of i and y?
13
Suppose -2*d = 6, -3*d - 5510 = -5*n - 8*d. Suppose -8*r + n = -799. Calculate the greatest common divisor of 14 and r.
14
Let r be ((-3)/(-4)*-26)/(39/(-572)). What is the highest common divisor of r and 52?
26
Let i = 37 + -2. Suppose -4*k - i = -5*s + 15, 5*k - 50 = -5*s. Suppose 0*a - 5*a = -200. What is the greatest common divisor of s and a?
10
Suppose -45 = -2*g - 3*g. Let p = -17 + 20. Suppose -p*m = -38 - 259. What is the highest common factor of g and m?
9
Let r be 9*(-2)/(-3) - 2. Let g(l) = l**3 - 2*l**2 - 6*l + 1. Let t be g(r). Let d be (45/(-1))/(t/(-6)). What is the greatest common factor of d and 240?
30
Let b be ((-3)/(-6))/((-10)/(-8))*360. Calculate the highest common divisor of 45 and b.
9
Suppose 0 = o - 3, 4*i - 213 = -0*i - 3*o. What is the greatest common divisor of 17 and i?
17
Suppose 19*p + 581 - 6433 = 0. What is the highest common factor of 28 and p?
28
Let n(p) = -6*p - 2. Let r be n(1). Let z = -4 - r. Suppose 44 = 5*c + h + 6, -4*h = -z*c + 16. Calculate the highest common factor of 63 and c.
7
Let k be 5*((-14)/(-10))/(8/(-64)). Let o = k + 236. Let d(f) = -5*f - 5. Let i be d(-5). Calculate the greatest common divisor of o and i.
20
Let t = 16 + -26. Let n be 14/3 - 8/12. Let p be ((-18)/5)/(n/t). What is the highest common factor of p and 90?
9
Let q = 230 - 170. Calculate the highest common divisor of q and 84.
12
Let u(y) = -67*y - 34. Let t be u(-7). Calculate the greatest common divisor of t and 29.
29
Suppose 80 = 3*x - 46. Let r(z) = z**2 - 4*z + 2. Let n(t) = -t. Let l(w) = -n(w) + r(w). Let y be l(4). What is the greatest common factor of x and y?
6
Suppose 0 = -4*p + 20*p - 4160. Calculate the greatest common divisor of 20 and p.
20
Let w be (-7)/(-49) - 528/21. Let a be (160/w)/(-2)*55. Calculate the highest common factor of a and 16.
16
Let o be 2/((-3)/(-3) - -1) + 175. Suppose 2*s = 4*v - 26 + 114, -2*v + o = 4*s. What is the greatest common factor of 4 and s?
4
Suppose 2*j = 4*j - 80. Suppose -7*v = -57 - 13. What is the highest common factor of v and j?
10
Let r = 951 + -867. What is the greatest common factor of 300 and r?
12
Let y = -103 - -235. Calculate the greatest common factor of y and 99.
33
Let d(m) = m**2 + 3*m + 234. Let t be d(0). Let j(w) = 2*w + 18. Let b be j(0). Calculate the greatest common divisor of t and b.
18
Suppose 722 + 358 = 30*o. What is the greatest common factor of 24 and o?
12
Let s = 29 - 26. Let j = 2 + s. Let w be 0 + (-1 - 0) + 16. What is the greatest common factor of w and j?
5
Suppose 3*m - 60 = -2*m. Let x(a) = 4*a + 1. Let u be x(1). Suppose -s + 65 = u. Calculate the greatest common divisor of s and m.
12
Let h be 18 + -26 - 3*-6. What is the highest common divisor of h and 1970?
10
Let s(i) = -i**2 + 14*i - 2. Let v be s(11). Let d = v + 43. Calculate the greatest common factor of 111 and d.
37
Let d be 25/25 + (-1896)/(-2). Calculate the greatest common factor of d and 73.
73
Let u = -85 + 316. What is the greatest common divisor of 33 and u?
33
Let v(l) = 2*l**2 - l + 5. Suppose 6*y = y. Let h(g) = g**2 + 5. Let o be h(y). Let w be v(o). What is the greatest common divisor of 20 and w?
10
Let p be 3/(((-10557)/(-582))/9 + -2). Calculate the highest common divisor of p and 97.
97
Let s be 120 - (1 + -1 + -1). Suppose -5*j + 639 = -s. What is the greatest common factor of 38 and j?
38
Suppose 33*f = 30*f + 627. Calculate the greatest common factor of 95 and f.
19
Let l(v) = -v**2 - 13*v + 14. Let x be l(-13). Suppose -m - 4*r + 24 = 0, 3*m - 82 = -6*r + 4*r. What is the highest common factor of x and m?
14
Suppose 48 = 67*k - 61*k. What is the highest common divisor of 76 and k?
4
Let l(r) = -r**2 - 6*r + 2. Let d be l(-5). Suppose -35*q = -33*q, -35 = -5*s + 5*q. Calculate the highest common divisor of d and s.
7
Let b(d) = d + 64. Let p be b(26). 